15, what is 2 + 160?
162
In base 11, what is -4a - 7?
-56
In base 2, what is 10100 + 100000000001?
100000010101
In base 11, what is -286a + -5?
-2874
In base 12, what is -13 - -4?
-b
In base 5, what is 304 - -24?
333
In base 4, what is 2212 - 1?
2211
In base 9, what is 166 + -3?
163
In base 6, what is 10234 + -2?
10232
In base 12, what is -309a8 + -3?
-309ab
In base 15, what is e - -c?
1b
In base 6, what is -5 - 25010?
-25015
In base 9, what is -5 - -1318?
1313
In base 5, what is -4 - -44?
40
In base 7, what is -301 + -11?
-312
In base 14, what is 1068 + 4?
106c
In base 6, what is 0 + -15?
-15
In base 5, what is -141 + 2?
-134
In base 15, what is -23c + 1?
-23b
In base 11, what is -7 - 2a?
-36
In base 4, what is 2332 - -1023?
10021
In base 14, what is 25 + 5?
2a
In base 4, what is 12 - -1002?
1020
In base 11, what is 43 - 10?
33
In base 15, what is 4 - -1219?
121d
In base 2, what is 11 + 11001?
11100
In base 2, what is -10 + -101001?
-101011
In base 13, what is -10 + -3?
-13
In base 16, what is -4 + -64?
-68
In base 13, what is 119 - 4a?
9c
In base 9, what is -455 + 0?
-455
In base 8, what is -1277 - -4?
-1273
In base 9, what is -52 - 31?
-83
In base 5, what is -104123 + -4?
-104132
In base 4, what is 3 + -31303?
-31300
In base 3, what is -12022 + -21?
-12120
In base 12, what is 1a28 + -1?
1a27
In base 9, what is 1 + 123?
124
In base 9, what is -1 + 42?
41
In base 7, what is -1 + 105?
104
In base 2, what is -10000 - 11?
-10011
In base 8, what is -4 + -1655?
-1661
In base 16, what is -20d - -4?
-209
In base 15, what is -1e3 + 3?
-1e0
In base 6, what is 505 - 3?
502
In base 13, what is 65 - -3?
68
In base 3, what is -20100122 + 10?
-20100112
In base 7, what is 4225 - -5?
4233
In base 15, what is 1 - -277?
278
In base 13, what is -646 + -1?
-647
In base 2, what is 100000 - -111?
100111
In base 3, what is 102021201 + 2?
102021210
In base 15, what is -2 + -22?
-24
In base 15, what is -5 + -5d?
-63
In base 7, what is -3 + 24?
21
In base 9, what is 3 + -371?
-367
In base 4, what is 23 + -20331?
-20302
In base 14, what is 122 - 3?
11d
In base 12, what is 6 + -b2?
-a8
In base 13, what is 71 - 7?
67
In base 11, what is 31 - 5?
27
In base 7, what is -2 - 2565?
-2600
In base 13, what is a8 + 8?
b3
In base 12, what is 5 - 6a9?
-6a4
In base 12, what is 61 - -78?
119
In base 12, what is -1b - -6b0?
691
In base 16, what is -77 + 86?
f
In base 5, what is 3 - -13114?
13122
In base 15, what is 1 + -17?
-16
In base 10, what is 4398 - 5?
4393
In base 13, what is 385 + 0?
385
In base 3, what is 21100 + 211?
22011
In base 16, what is -5 + 74?
6f
In base 7, what is 1436 - 15?
1421
In base 16, what is d + -383?
-376
In base 8, what is -2745 - -2?
-2743
In base 12, what is a22 - 1?
a21
In base 2, what is 10101111 + 1?
10110000
In base 7, what is -25 - -25?
0
In base 15, what is 3d + 1?
3e
In base 16, what is 38ec + -5?
38e7
In base 3, what is 101 - 101200?
-101022
In base 11, what is 5 + 4a?
54
In base 11, what is -3 + -10?
-13
In base 3, what is -12 + -210?
-222
In base 15, what is -1 + 3?
2
In base 16, what is -3acd + -4?
-3ad1
In base 8, what is 36 + -7?
27
In base 10, what is 417 + 9?
426
In base 5, what is 33 - -10?
43
In base 15, what is -5 + da?
d5
In base 3, what is 22 + -1?
21
In base 13, what is -3 - -2b7?
2b4
In base 13, what is -8c + 4?
-88
In base 14, what is -2c + 4?
-28
In base 7, what is 10 - -4?
14
In base 7, what is 3311 - 3?
3305
In base 15, what is c + 54?
61
In base 10, what is -3077 + -5?
-3082
In base 3, what is -221 + 12?
-202
In base 9, what is 1 - -660?
661
In base 5, what is 2 + 3030?
3032
In base 10, what is 0 - 6601?
-6601
In base 7, what is 1460 - 11?
1446
In base 4, what is -3132 - -1?
-3131
In base 12, what is -2 - -1?
-1
In base 6, what is -2 - -12?
10
In base 10, what is -6 + 143?
137
In base 10, what is -3432 + -4?
-3436
In base 14, what is 5850 - 2?
584c
In base 11, what is 4 - -1462?
1466
In base 5, what is -1 - 41?
-42
In base 4, what is -12 + -32?
-110
In base 15, what is 5 + 15?
1a
In base 13, what is -28 + 6?
-22
In base 8, what is -4 - 37?
-43
In base 15, what is -5 - e9?
-ee
In base 13, what is -3 + -4?
-7
In base 14, what is 1 + 71?
72
In base 13, what is -56 + 2?
-54
In base 8, what is -3 + 47?
44
In base 3, what is -1011120 + 1?
-1011112
In base 12, what is -9 + -16?
-23
In base 9, what is -43 + 128?
75
In base 15, what is -1 - 4d?
-4e
In base 4, what is 33032 + 1?
33033
In base 7, what is -225 + 12?
-213
In base 11, what is 812a + -4?
8126
In base 5, what is 41 - -23?
114
In base 3, what is 1211120 - 2?
1211111
In base 14, what is 231 + -d?
222
In base 6, what is -113503 + 2?
-113501
In base 12, what is 1 - -177?
178
In base 14, what is 5 + 8db?
902
In base 14, what is -125 + -12?
-137
In base 7, what is 21 - -41?
62
In base 2, what is 101111 - -1?
110000
In base 14, what is 287 - -15?
29c
In base 12, what is 42 + 8?
4a
In base 2, what is -10101 + -100?
-11001
In base 10, what is -4 - -343?
339
In base 3, what is -20020010 - 2?
-20020012
In base 3, what is -11 + -10110?
-10121
In base 12, what is -21 + -3?
-24
In base 13, what is -5 - 6?
-b
In base 15, what is b + 2c8?
2d4
In base 5, what is -110 + -10?
-120
In base 13, what is -c + -1?
-10
In base 14, what is 865 + 3?
868
In base 5, what is 1 + 323?
324
In base 16, what is -2a + -2f?
-59
In base 14, what is -119 + 5?
-114
In base 3, what is 10 + 2111?
2121
In base 5, what is 0 + 34211?
34211
In base 8, what is 1024 - 45?
757
In base 2, what is 1000 + 100?
1100
In base 16, what is 0 + 1df?
1df
In base 2, what is 1010 - 1000101?
-111011
In base 3, what is 120210 - 2?
120201
In base 9, what is -18 + 33?
14
In base 13, what is -209 + 6?
-203
In base 3, what is 1002 + -2?
1000
In base 16, what is -6 - 808?
-80e
In base 5, what is -2 - -134144?
134142
In base 6, what is 41513 + 4?
41521
In base 8, what is 1245 - 15?
1230
In base 6, what is 503105 - -5?
503114
In base 3, what is 1021 + 101?
1122
In base 14, what is -4 + -5a?
-60
In base 3, what is -11 - -1200?
1112
In base 7, what is 2 + 411?
413
In base 7, what is -3 - -23566?
23563
In base 7, what is -136 - -5?
-131
In base 2, what is 0 + 11111?
11111
In base 3, what is -10021001 + 11?
-10020220
In base 14, what is -a + d7?
cb
In base 10, what is 949 - 1?
948
In base 7, what is 2250 + -4?
2243
In base 16, what is 142 - 16?
12c
In base 2, what is 11 + -110110?
-110011
In base 10, what is 203 + 6?
209
In base 11, what is -1 + a3?
a2
In base 12, what is -3 + 274?
271
In base 4, what is 2133 + -10?
2123
In base 13, what is -4 - 107b?
-1082
In base 3, what is -2001 + 12101?
10100
In base 4, what is 3 + -312122?
-312113
In base 7, what is -6265 + 1?
-6264
In base 8, what is 20 + -3?
15
In base 10, what is 27 + -283?
-256
In base 13, what is 6 + -264?
-25b
In base 14, what is 28c - -3?
291
In base 2, what is 1001010 + 10?
1001100
In base 9, what is 0 + -281?
-281
In base 7, what is -64 - 602?
-666
In base 15, what is 1 + 28?
29
In base 7, what is 624 + -4?
620
In base 16, what is 8d - 2a?
63
In base 14, what is 4 + -4?
0
In base 14, what is 60cb - -2?
60cd
In base 3, what is -22 - 12001?
-12100
In base 12, what is -10a - 2b?
-139
In base 3, what is 201002 + 11?
201020
In base 12, what is 120 - 26?
b6
In base 3, what is -11 - -2102202?
2102121
In base 11, what is -28 + -82?
-aa
In base 4, what is -11312 + 30?
-11222
In base 2, what is 11111 + 10?
100001
In base 4, what is -321220 + -10?
-321230
In base 13, what is -5 + 23c?
237
In base 13, what is -a28 - -1?
-a27
In base 6, what is -325 - 1?
-330
In base 8, what is 0 - 17054?
-17054
In base 7, what is -36 + -11?
-50
In base 10, what is -13 - -351?
338
In base 6, what is 5 - -1454?
1503
In base 2, what is 10 - -101101011?
101101101
In base 6, what is 32 + 15?
51
In base 12, what is -170 + 15?
-157
In base 14, what is -7b + -45?
-c2
In base 10, what is -826 - 2?
-828
In base 12, what is 11b - 0?
11b
In base 3, what is -101 + 1002222?
1002121
In base 12, what is -7 + -71?
-78
In base 7, what is 35 + -34?
1
In base 9, what is -76 - 6?
-83
In base 12, what is -4357 - 4?
-435b
In base 13, what is 312 + 1c?
331
In base 3, what is 1112 + -21020?
-12201
In base 5, what is -13001 - 4?
-13010
In base 15, what is -16 + 9c?
86
In base 10, what is 3 + -420?
-417
In base 2, what is -10000010011